{"id":305,"date":"2025-04-03T19:23:37","date_gmt":"2025-04-03T17:23:37","guid":{"rendered":"https:\/\/www.sc-neustadt.de\/wordpress\/?page_id=305"},"modified":"2025-04-23T08:32:14","modified_gmt":"2025-04-23T06:32:14","slug":"aquaball","status":"publish","type":"page","link":"https:\/\/www.sc-neustadt.de\/wordpress\/wasserball\/unsere-mannschaften\/aquaball\/","title":{"rendered":"Aquaball"},"content":{"rendered":"\r\n<p class=\"has-system-serif-font-family\">Der <strong>S<\/strong>chwimm <strong>C<\/strong>lub 1900 e.V. <strong>N<\/strong>eustadt\/Weinstra\u00dfe bietet interessierten M\u00e4dchen und Jungen der Jahrg\u00e4nge 2015 und j\u00fcnger, im Stadionbad Wasserball-Training f\u00fcr Anf\u00e4nger an.<\/p>\r\n\r\n\r\n\r\n<p class=\"has-system-serif-font-family\"><strong>Jeden Samstag von 10:00 bis 11:00 Uhr<\/strong><\/p>\r\n\r\n\r\n\r\n<p class=\"has-system-serif-font-family\">Aquaball wird im h\u00fcfttiefem Wasser gespielt und ist ein Ballspiel mit sofortiger Spa\u00df-Garantie. Wir spielen nach stark vereinfachten Regeln. Das Spielen steht im Vordergrund und kleine Technik\u00fcbungen erg\u00e4nzen das Training. Wer bereits schwimmerische Grundf\u00e4higkeiten wie Seepferdchen und Spa\u00df an Ballspielen mitbringt, ist bei uns genau richtig!<\/p>\r\n\r\n\r\n\r\n<p class=\"has-system-serif-font-family\"><strong>Trainer:<\/strong> Krist\u00f3f Meszaros<\/p>\r\n\r\n\r\n\r\n<p class=\"has-system-serif-font-family\">Kontakt und Anmeldungen:<\/p>\r\n\r\n\r\n\r\n<p class=\"has-system-serif-font-family\">aquaball(at)sc-neustadt.de<\/p>\r\n\r\n\r\n\r\n<figure class=\"wp-block-image size-large\"><img loading=\"lazy\" decoding=\"async\" width=\"1024\" height=\"634\" src=\"https:\/\/www.sc-neustadt.de\/wordpress\/wp-content\/uploads\/2025\/04\/Kristof-1-1024x634.jpg\" alt=\"\" class=\"wp-image-388\" srcset=\"https:\/\/www.sc-neustadt.de\/wordpress\/wp-content\/uploads\/2025\/04\/Kristof-1-1024x634.jpg 1024w, https:\/\/www.sc-neustadt.de\/wordpress\/wp-content\/uploads\/2025\/04\/Kristof-1-300x186.jpg 300w, https:\/\/www.sc-neustadt.de\/wordpress\/wp-content\/uploads\/2025\/04\/Kristof-1-768x476.jpg 768w, https:\/\/www.sc-neustadt.de\/wordpress\/wp-content\/uploads\/2025\/04\/Kristof-1-1536x951.jpg 1536w, https:\/\/www.sc-neustadt.de\/wordpress\/wp-content\/uploads\/2025\/04\/Kristof-1-2048x1268.jpg 2048w\" sizes=\"auto, (max-width: 1024px) 100vw, 1024px\" \/><\/figure>\r\n","protected":false},"excerpt":{"rendered":"<p>Der Schwimm Club 1900 e.V. Neustadt\/Weinstra\u00dfe bietet interessierten M\u00e4dchen und Jungen der Jahrg\u00e4nge 2015 und j\u00fcnger, im Stadionbad Wasserball-Training f\u00fcr Anf\u00e4nger an. Jeden Samstag von 10:00 bis 11:00 Uhr Aquaball wird im h\u00fcfttiefem Wasser gespielt und ist ein Ballspiel mit sofortiger Spa\u00df-Garantie. Wir spielen nach stark vereinfachten Regeln. Das Spielen [&hellip;]<\/p>\n","protected":false},"author":2,"featured_media":426,"parent":300,"menu_order":1,"comment_status":"closed","ping_status":"closed","template":"","meta":{"_themeisle_gutenberg_block_has_review":false,"footnotes":""},"class_list":["post-305","page","type-page","status-publish","has-post-thumbnail","hentry"],"_links":{"self":[{"href":"https:\/\/www.sc-neustadt.de\/wordpress\/wp-json\/wp\/v2\/pages\/305","targetHints":{"allow":["GET"]}}],"collection":[{"href":"https:\/\/www.sc-neustadt.de\/wordpress\/wp-json\/wp\/v2\/pages"}],"about":[{"href":"https:\/\/www.sc-neustadt.de\/wordpress\/wp-json\/wp\/v2\/types\/page"}],"author":[{"embeddable":true,"href":"https:\/\/www.sc-neustadt.de\/wordpress\/wp-json\/wp\/v2\/users\/2"}],"replies":[{"embeddable":true,"href":"https:\/\/www.sc-neustadt.de\/wordpress\/wp-json\/wp\/v2\/comments?post=305"}],"version-history":[{"count":4,"href":"https:\/\/www.sc-neustadt.de\/wordpress\/wp-json\/wp\/v2\/pages\/305\/revisions"}],"predecessor-version":[{"id":698,"href":"https:\/\/www.sc-neustadt.de\/wordpress\/wp-json\/wp\/v2\/pages\/305\/revisions\/698"}],"up":[{"embeddable":true,"href":"https:\/\/www.sc-neustadt.de\/wordpress\/wp-json\/wp\/v2\/pages\/300"}],"wp:featuredmedia":[{"embeddable":true,"href":"https:\/\/www.sc-neustadt.de\/wordpress\/wp-json\/wp\/v2\/media\/426"}],"wp:attachment":[{"href":"https:\/\/www.sc-neustadt.de\/wordpress\/wp-json\/wp\/v2\/media?parent=305"}],"curies":[{"name":"wp","href":"https:\/\/api.w.org\/{rel}","templated":true}]}}