{"id":20,"date":"2025-03-20T22:00:09","date_gmt":"2025-03-20T21:00:09","guid":{"rendered":"https:\/\/www.sc-neustadt.de\/wordpress\/?page_id=20"},"modified":"2025-04-09T11:55:27","modified_gmt":"2025-04-09T09:55:27","slug":"unser-leitbild","status":"publish","type":"page","link":"https:\/\/www.sc-neustadt.de\/wordpress\/der-verein\/unser-leitbild\/","title":{"rendered":"Unser Leitbild"},"content":{"rendered":"\r\n<figure class=\"wp-block-image size-large\"><img loading=\"lazy\" decoding=\"async\" width=\"1024\" height=\"1024\" src=\"https:\/\/www.sc-neustadt.de\/wordpress\/wp-content\/uploads\/2025\/04\/Leitbild-1024x1024.jpg\" alt=\"\" class=\"wp-image-120\" srcset=\"https:\/\/www.sc-neustadt.de\/wordpress\/wp-content\/uploads\/2025\/04\/Leitbild-1024x1024.jpg 1024w, https:\/\/www.sc-neustadt.de\/wordpress\/wp-content\/uploads\/2025\/04\/Leitbild-300x300.jpg 300w, https:\/\/www.sc-neustadt.de\/wordpress\/wp-content\/uploads\/2025\/04\/Leitbild-150x150.jpg 150w, https:\/\/www.sc-neustadt.de\/wordpress\/wp-content\/uploads\/2025\/04\/Leitbild-768x768.jpg 768w, https:\/\/www.sc-neustadt.de\/wordpress\/wp-content\/uploads\/2025\/04\/Leitbild.jpg 1265w\" sizes=\"auto, (max-width: 1024px) 100vw, 1024px\" \/><\/figure>\r\n\r\n\r\n\r\n<p class=\"has-system-serif-font-family\">Der Schwimmclub 1900 e.V. Neustadt an der Weinstra\u00dfe betreibt die F\u00f6rderung des Schwimmsports. Durch Pflege der Freundschaft und Geselligkeit sowie durch zahlreiche Wassersportangebote m\u00f6chten wir die Gesundheit, die k\u00f6rperliche Fitness und die Lebensfreude unserer Mitglieder f\u00f6rdern.<\/p>\r\n\r\n\r\n\r\n<p class=\"has-system-serif-font-family\">WER SIND WIR?<\/p>\r\n\r\n\r\n\r\n<p class=\"has-system-serif-font-family\">Wir sind ein gemeinn\u00fctziger, unabh\u00e4ngiger und ehrenamtlich gef\u00fchrter Schwimmclub f\u00fcr Jung und Alt. Der Club lebt vom freiwilligen Engagement seiner Mitglieder. Der Schwimm-Club Neustadt an der Weinstra\u00dfe geh\u00f6rt mit seinen zahlreichen Mitgliedern zu den gro\u00dfen Schwimmvereinen im S\u00fcdwestdeutschen Schwimmverband. Seit mehr als 100 Jahren sind wir ein Teil des sportlichen Lebens unserer Region.<\/p>\r\n\r\n\r\n\r\n<p class=\"has-system-serif-font-family\">Die Wasserballmannschaften des Schwimmclub Neustadt an der Weinstra\u00dfe spielen seit Jahren erfolgreich mit seinen Herren- und zahlreiche Jugendmannschaften in den h\u00f6chsten deutschen Spielklassen.<\/p>\r\n\r\n\r\n\r\n<p class=\"has-system-serif-font-family\">WAS TUN WIR?<\/p>\r\n\r\n\r\n\r\n<p class=\"has-system-serif-font-family\">Wir bieten schwimmerische Grundausbildung und Breitensport f\u00fcr Kinder, Jugendliche und Erwachsene an. Zudem f\u00f6rdern wir den Leistungssport unserer Wasserballspieler\/innen und Schwimmer\/innen. Dadurch sind unsere Sportler\/innen sehr erfolgreich auf Landes- und Bundesebene. Einer unserer Schwerpunkte liegt in der F\u00f6rderung des Schwimm- und Wasserballsports in unserer Region, der Talenterkennung deren F\u00f6rderung.<\/p>\r\n\r\n\r\n\r\n<p class=\"has-system-serif-font-family\">WAS WOLLEN WIR ERREICHEN?<\/p>\r\n\r\n\r\n\r\n<p class=\"has-system-serif-font-family\">Wir wollen mit unserem Angebot einen Beitrag zum Schwimmen und schwimmen Lernen leisten. Unser gemeinsames Ziel ist es, Jung und Alt f\u00fcr die Bewegung im Wasser zu begeistern. Wir wollen dem nat\u00fcrlichen Bewegungsdrang von Kindern und Jugendlichen mit unserem Sportprogramm gerecht werden und mit unserem Angebot die M\u00f6glichkeit geben, neue Freundschaften zu schlie\u00dfen und zu erhalten.<\/p>\r\n\r\n\r\n\r\n<p class=\"has-system-serif-font-family\">Durch eine ausgewogene Mischung aus Spa\u00df und Leistung m\u00f6chten wir Kinder und Jugendliche in ihrer Freizeit zum Schwimm- oder Wasserballsport motivieren. Neben individueller F\u00f6rderung der Leistung stehen die Gesundheit und das Wohl unserer Mitglieder dabei f\u00fcr uns im Mittelpunkt.<\/p>\r\n\r\n\r\n\r\n<p class=\"has-system-serif-font-family\">WAS ZEICHNET UNS AUS?<\/p>\r\n\r\n\r\n\r\n<p class=\"has-system-serif-font-family\">Wir bieten unseren Mitgliedern ein Training, das deren pers\u00f6nlichen F\u00e4higkeiten und Begabungen gerecht wird. Wir sorgen f\u00fcr ein gleicherma\u00dfen angenehmes wie konzentriertes Trainingsumfeld und sichern somit den Trainingserfolg. Wir akzeptieren die Verschiedenheit der Kinder und Jugendlichen unseres Clubs und begleiten sie in aufeinander abgestimmten Gruppen. Wir erm\u00f6glichen allen Kindern Erfolgserlebnisse, um Selbstvertrauen aufzubauen. Wir legen gro\u00dfen Wert auf Teamgeist und Integration, wobei uns Eigenverantwortung, pers\u00f6nliche Motivation und der respektvolle Umgang jedes Einzelnen wichtig sind.<\/p>\r\n\r\n\r\n\r\n<p class=\"has-system-serif-font-family\">Wir sehen den Vereinssport als Organisationsform zur F\u00f6rderung individueller sportlicher Begabungen, zur Entwicklung von Verantwortungsbewusstsein, Zuverl\u00e4ssigkeit und sozialen Kompetenzen.<\/p>\r\n\r\n\r\n\r\n<p class=\"has-system-serif-font-family\">Wir helfen uns untereinander in allen Belangen, besser zu werden (im Wasser und au\u00dferhalb des Beckenrands). Jedes Mitglied solle sich aktiv bei den zu bew\u00e4ltigenden Aufgaben als Schwimmer\/in, Wasserballspieler\/in, Trainer\/in oder Helfer\/in entsprechend seiner pers\u00f6nlichen F\u00e4higkeiten und M\u00f6glichkeiten einbringen und leistet so im Verein einen wichtigen Beitrag.<\/p>\r\n\r\n\r\n\r\n<p class=\"has-system-serif-font-family\">Vorf\u00e4lle von Diskriminierung, Mobbing, Rassismus, Antisemitismus, (sexualisierter) Gewalt, Doping und Missbrauch von Drogen und Substanzmissbrauch werden nicht toleriert.<\/p>\r\n\r\n\r\n\r\n<p class=\"has-system-serif-font-family\">Konzepte zum Lesen<\/p>\r\n\r\n\r\n\r\n<div class=\"wp-block-file\"><a id=\"wp-block-file--media-21af0302-1de8-4969-869e-74565b5f85dc\" href=\"https:\/\/www.sc-neustadt.de\/wordpress\/wp-content\/uploads\/2025\/04\/Vereinskonzept-SCN-Version-2-20250310.pdf\">Vereinskonzept SCN-Version 2-20250310<\/a><a href=\"https:\/\/www.sc-neustadt.de\/wordpress\/wp-content\/uploads\/2025\/04\/Vereinskonzept-SCN-Version-2-20250310.pdf\" class=\"wp-block-file__button wp-element-button\" download=\"\" aria-describedby=\"wp-block-file--media-21af0302-1de8-4969-869e-74565b5f85dc\">Herunterladen<\/a><\/div>\r\n\r\n\r\n\r\n<div class=\"wp-block-file\"><a id=\"wp-block-file--media-c7c5bd40-5064-4f4a-b40f-d32c487ee7a6\" href=\"https:\/\/www.sc-neustadt.de\/wordpress\/wp-content\/uploads\/2025\/04\/Praeventionskonzept-SCN-Version-2025.docx.pdf\">Praeventionskonzept SCN-Version 2025.docx<\/a><a href=\"https:\/\/www.sc-neustadt.de\/wordpress\/wp-content\/uploads\/2025\/04\/Praeventionskonzept-SCN-Version-2025.docx.pdf\" class=\"wp-block-file__button wp-element-button\" download=\"\" aria-describedby=\"wp-block-file--media-c7c5bd40-5064-4f4a-b40f-d32c487ee7a6\">Herunterladen<\/a><\/div>\r\n\r\n\r\n\r\n<p>&nbsp;<\/p>\r\n\r\n\r\n\r\n<p>&nbsp;<\/p>\r\n","protected":false},"excerpt":{"rendered":"<p>Der Schwimmclub 1900 e.V. Neustadt an der Weinstra\u00dfe betreibt die F\u00f6rderung des Schwimmsports. Durch Pflege der Freundschaft und Geselligkeit sowie durch zahlreiche Wassersportangebote m\u00f6chten wir die Gesundheit, die k\u00f6rperliche Fitness und die Lebensfreude unserer Mitglieder f\u00f6rdern. WER SIND WIR? Wir sind ein gemeinn\u00fctziger, unabh\u00e4ngiger und ehrenamtlich gef\u00fchrter Schwimmclub f\u00fcr Jung [&hellip;]<\/p>\n","protected":false},"author":2,"featured_media":195,"parent":16,"menu_order":2,"comment_status":"closed","ping_status":"closed","template":"","meta":{"_themeisle_gutenberg_block_has_review":false,"footnotes":""},"class_list":["post-20","page","type-page","status-publish","has-post-thumbnail","hentry"],"_links":{"self":[{"href":"https:\/\/www.sc-neustadt.de\/wordpress\/wp-json\/wp\/v2\/pages\/20","targetHints":{"allow":["GET"]}}],"collection":[{"href":"https:\/\/www.sc-neustadt.de\/wordpress\/wp-json\/wp\/v2\/pages"}],"about":[{"href":"https:\/\/www.sc-neustadt.de\/wordpress\/wp-json\/wp\/v2\/types\/page"}],"author":[{"embeddable":true,"href":"https:\/\/www.sc-neustadt.de\/wordpress\/wp-json\/wp\/v2\/users\/2"}],"replies":[{"embeddable":true,"href":"https:\/\/www.sc-neustadt.de\/wordpress\/wp-json\/wp\/v2\/comments?post=20"}],"version-history":[{"count":6,"href":"https:\/\/www.sc-neustadt.de\/wordpress\/wp-json\/wp\/v2\/pages\/20\/revisions"}],"predecessor-version":[{"id":607,"href":"https:\/\/www.sc-neustadt.de\/wordpress\/wp-json\/wp\/v2\/pages\/20\/revisions\/607"}],"up":[{"embeddable":true,"href":"https:\/\/www.sc-neustadt.de\/wordpress\/wp-json\/wp\/v2\/pages\/16"}],"wp:featuredmedia":[{"embeddable":true,"href":"https:\/\/www.sc-neustadt.de\/wordpress\/wp-json\/wp\/v2\/media\/195"}],"wp:attachment":[{"href":"https:\/\/www.sc-neustadt.de\/wordpress\/wp-json\/wp\/v2\/media?parent=20"}],"curies":[{"name":"wp","href":"https:\/\/api.w.org\/{rel}","templated":true}]}}